 55?
55
Suppose -35 = -2*a + y + 1, 5*a - y = 93. Let q be (-8 - (4 - a))/(2 - 1). Let k = -4 - -11. Calculate the greatest common divisor of q and k.
7
Let x = 8 + 97. Suppose 0 = 7*g - 2*g - x. Calculate the greatest common factor of 3 and g.
3
Suppose 92*h = 99*h - 252. Calculate the greatest common divisor of 24 and h.
12
Let p = 505 - 469. Let j = -3 - -5. Suppose 0 = d - 14 + j. What is the greatest common factor of d and p?
12
Suppose 0 = -p + 3*j - 18, -2*p - 3*j = 2*p - 3. Let a be 4 - 390/(-2 + p). What is the highest common factor of a and 205?
41
Let l = 0 + 30. Let f be -5 + (-115)/(-5) + 0. Let g = -8 + f. What is the highest common factor of g and l?
10
Let r be (1 - 11)*2/(-4)*1. What is the highest common factor of 160 and r?
5
Let g = -3 - -5. Suppose 2*l = 4*j + 258, -g*j = 3*j. Suppose 2*a = -p + l, -p = 2*p - a - 359. Calculate the highest common factor of 11 and p.
11
Let k be 63/(-4) - 3/(-4). Suppose -4*f + 2 = -34. Let b be f/k*45/(-3). Calculate the highest common divisor of 63 and b.
9
Suppose 2*k + 6 = 0, -5*a - 11*k + 315 = -16*k. Let h = 41 + -57. Let m = -4 - h. Calculate the greatest common divisor of a and m.
12
Let x = -9 - -41. Let k(q) = q**3 + 3*q**2 - 3*q + 4. Let z be k(-4). Let w be (z - 1) + 9/1. What is the highest common divisor of x and w?
8
Let c be (-708)/10 - -2*(-3)/30. Let n = c - -84. What is the greatest common divisor of n and 221?
13
Suppose 2*y + 20 = -3*l, 5*y + l + 204 = 232. Let g(k) = -3*k**2 + k + 2. Let p be g(-3). Let u = 60 + p. What is the greatest common divisor of u and y?
8
Let t = 3077 - 2021. What is the greatest common divisor of 66 and t?
66
Let k(u) = 52*u + 13. Let c(t) = -13*t - 3. Let m(l) = 9*c(l) + 2*k(l). Let r be m(-2). Calculate the greatest common factor of 5 and r.
5
Let c(w) = w - 8. Suppose -4*n + 50 = n. Let z be c(n). Suppose 4*u - 197 = -z*a + 47, -3*a - 294 = -5*u. What is the highest common divisor of u and 15?
15
Suppose 2 + 31 = 3*h. Suppose 5*d = 0, 0*d + 14 = 2*x + d. Suppose 66 = 10*k - x*k. What is the highest common factor of h and k?
11
Let o be 18/9 - (3 + -3 - 173). Calculate the highest common factor of 105 and o.
35
Suppose 6*b - 65 = b. Let c = -2 + b. Let q be (2 - 6)/((-2)/c). Calculate the highest common divisor of q and 88.
22
Let d = -88 - -69. Let r = d + 32. Suppose 0*a - 3*f + 37 = a, 0 = -5*a + 3*f + 275. Calculate the highest common divisor of a and r.
13
Let v(r) be the third derivative of 0*r + 0 - 19/24*r**4 - 7/6*r**3 - r**2. Let u be v(-3). Calculate the highest common factor of u and 75.
25
Let d(w) = -w**2 - 19*w + 79. Let k be d(-21). What is the highest common divisor of 481 and k?
37
Let c = 7 - 1. Suppose 0 = -4*w + c*w - 20. Let p be 60/9*18/4. What is the greatest common factor of w and p?
10
Let h = 64 + -37. Let j(d) = 235*d**2 + 7*d + 1. Let z be j(1). Calculate the greatest common factor of h and z.
27
Let y be 4*(3 + -2) + -2. Suppose 2*g - 28 = -y*j, -3*j - 2*j + 64 = 2*g. What is the greatest common divisor of 96 and j?
12
Suppose 37*o - 8698 + 410 = 0. What is the greatest common factor of 32 and o?
32
Let a(p) = 4*p**2 + 3*p. Let z be a(-2). Suppose z = 12*g - 10*g. Suppose 5*r - j - 62 = 3*j, -33 = -3*r + j. What is the highest common divisor of r and g?
5
Suppose -2*d - 5*s = 63, -3*d - s - 3*s = 91. Let j = d - -68. Calculate the highest common divisor of 13 and j.
13
Let h be 0/(-1)*(-1 - 0). Suppose 0 = 4*b - 3*u + 6, -u = -2*b - h*u - 2. Suppose -2*m = -b*m - 40. Calculate the highest common factor of 20 and m.
20
Let n(c) be the second derivative of c**3/6 + 7*c**2/2 - c. Let g be n(-5). Suppose -19 + 15 = -g*z. What is the highest common factor of 14 and z?
2
Let p(d) = d**3 - 5*d**2 + 6*d - 2. Let u be p(4). Suppose 3*y + 236 = -355. Let i = y + 209. What is the greatest common factor of i and u?
6
Let i be 8/(-6)*(-1 + 10). Let u be ((-18)/27)/(4/(-6)). Let h be (-66)/(u*i/8). What is the greatest common factor of h and 4?
4
Let t = -124 - -142. What is the highest common factor of 18 and t?
18
Let d(k) = 7*k + 366. Let m be d(-39). What is the highest common divisor of m and 62?
31
Suppose 0 = 1004*y - 1001*y - 4416. Calculate the highest common divisor of y and 23.
23
Let i(l) = -l**3 + 17*l**2 - 13*l - 4. Let m be i(16). Let p = 48 - m. What is the highest common factor of 36 and p?
4
Suppose -6*a = -24*a + 2160. Calculate the greatest common factor of a and 45.
15
Let z = 425 - 415. Calculate the highest common divisor of z and 90.
10
Suppose 0 = -4*u + 77 + 7. Let r = u + -33. Let t = r + 35. What is the greatest common factor of t and 161?
23
Let x = 255 - 21. Suppose x - 70 = 2*z. What is the greatest common divisor of 41 and z?
41
Suppose -9*m = -125 - 181. Calculate the highest common factor of 1258 and m.
34
Let i be 171/5 + (-5)/25. Calculate the highest common divisor of 51 and i.
17
Let m be 10/(-8)*((-204 - -7) + -7). Calculate the highest common factor of m and 5.
5
Let o be 35/(-5)*3/21 - -145. Calculate the highest common factor of o and 27.
9
Let v = 120 - 100. Let m be 2/6 + 3/(-9). Suppose -b + 100 = -m*b. What is the greatest common divisor of b and v?
20
Let o = 103 - 79. Calculate the greatest common divisor of o and 40.
8
Let g be -114*((-12)/(-54) - 32/9). Calculate the greatest common divisor of g and 10.
10
Let v be 3 + -1 + -6 + 1512. Calculate the greatest common divisor of v and 52.
52
Let q(l) = l**3 + 5*l**2 - 7*l - 2. Let n be q(-6). Suppose -n*f + 8 + 0 = 0. Let c be 1/(-8) - (-136)/64. What is the greatest common factor of f and c?
2
Suppose 15*p - 1907 = -752. Calculate the greatest common factor of 21 and p.
7
Suppose -101*s + 104*s = 1269. What is the greatest common divisor of 18 and s?
9
Let j(u) = -2*u + 60. Let b be j(0). Suppose -126 = -5*q - 51. What is the highest common factor of b and q?
15
Let c(d) = 8*d - 90. Let x be c(18). What is the greatest common factor of 162 and x?
54
Suppose -4*b - 5*v = -2, 2*b - 3 = 3*b + 3*v. What is the greatest common divisor of b and 6?
3
Let r(n) = -n + 5. Let s be r(5). Let t = 4 + s. What is the greatest common factor of 10 and t?
2
Let k = -65 + 25. Let p = -34 - k. Calculate the greatest common factor of 6 and p.
6
Suppose 0 = -63*w + 53*w + 170. Calculate the greatest common factor of w and 153.
17
Let d(k) = k**2 - 24*k - 48. Let b be d(26). Suppose -b = r - 20. Let c be (-1)/(-4)*2*48. Calculate the highest common factor of r and c.
8
Suppose -15*d + 14*d = 0. Suppose d*r + r = 24. Suppose 4*l - r = 8. Calculate the greatest common factor of l and 24.
8
Suppose 0 = b + 11 - 62. Let q(g) = -g**3 - 8*g**2 - 5*g - 6. Let p be q(-8). What is the highest common divisor of p and b?
17
Let r(h) = 6*h**2. Let g be r(1). Let f(n) = -n**3 + 29*n**2 + 35*n - 146. Let b be f(30). Calculate the greatest common factor of g and b.
2
Let q be -3 - (-17 - 4 - (0 - 3)). Calculate the greatest common divisor of q and 135.
15
Suppose -y + q + 3 = 0, -3*y - q + 14 = -15. Let z be y/(-10)*5390/(-44). Suppose 0 = -3*o + z - 35. Calculate the greatest common divisor of 189 and o.
21
Suppose -19*n + 18*n = -44. Calculate the highest common factor of 66 and n.
22
Let y(b) = 7*b**2 - 52*b + 1. Let l be y(9). What is the greatest common divisor of l and 75?
25
Suppose v + 3*q = 2*q + 193, -3*q = -3*v + 573. Let s be (-49)/(-6) - 32/v. What is the greatest common divisor of 6 and s?
2
Let f be -5*2/(-5) - 0. Suppose -34 = -f*s + 22. Suppose 2*w - s = 4*j + 28, -4*w = 3*j - 90. What is the highest common divisor of 36 and w?
12
Let y be ((-6)/(-4))/((-3)/(-36)). What is the highest common divisor of 144 and y?
18
Suppose -6*g = -3*g - 180. Let t = -4 + 6. Suppose 0 = -t*q - 0*q + 4*l + g, 0 = 5*q + 2*l - 126. Calculate the highest common divisor of q and 286.
26
Let f = -225 + 255. What is the greatest common divisor of f and 165?
15
Let y be (-2407)/(-9) - ((-952)/126 - -8). Calculate the highest common divisor of 6 and y.
3
Let c(n) = 9 - 4*n - 21 + 11. Let q be c(-3). What is the highest common divisor of q and 11?
11
Let j = -80 + 88. What is the highest common factor of 216 and j?
8
Suppose -3*n = -x - 143, n - 94 = -n + x. Let p(i) = 12*i**2 - 5*i - 10. Let t be p(6). What is the highest common factor of t and n?
49
Suppose -3*m - 3*s